{"id":26,"date":"2013-10-05T22:20:34","date_gmt":"2013-10-05T20:20:34","guid":{"rendered":"http:\/\/agu.ch\/wordpress\/?page_id=26"},"modified":"2023-11-29T10:42:42","modified_gmt":"2023-11-29T09:42:42","slug":"seminare","status":"publish","type":"page","link":"https:\/\/www.agu.ch\/1.0\/seminare\/","title":{"rendered":"Seminare"},"content":{"rendered":"<p>Wir m\u00f6chten unser Wissen teilen und bieten verschiedene Aus- und Weiterbildungsm\u00f6glichkeiten f\u00fcr Einsteiger und\/ oder Fortgeschrittene an. Ein auf Ihre Anforderungen zugeschnittenes Seminar eignet sich besonders f\u00fcr kompakte Vermittlung von Fachkenntnissen \u2013 beispielsweise im Rahmen Ihrer firmeninternen Fortbildung.<\/p>\n<h2>AGU Seminar<\/h2>\n<p>Wir veranstalten einmal j\u00e4hrlich ein eigenes <a href=\"..\/category\/veranstaltungen\/\">Seminar<\/a> mit ausgew\u00e4hlten Vortr\u00e4gen firmeninterner und externer Referenten. Aktuelle Themen werden aus versicherungstechnischer und juristischer Sicht beleuchtet. Informationen zum n\u00e4chste Seminar finden Sie unter <strong><a href=\"https:\/\/www.agu.ch\/1.0\/aktuelles\/\">Aktuelles<\/a>.<\/strong> Informationen zu vergangenen Seminaren finden Sie in der Rubrik <a href=\".\/publikationen#Seminar\">Publikationen<\/a>.<\/p>\n<h2>Vortr\u00e4ge<\/h2>\n<p>Wir beteiligen uns regelm\u00e4ssig mit eigenen wissenschaftlichen Vortr\u00e4gen auf Kongressen, Symposien und anderen Informations- und Fortbildungsveranstaltungen. Aktuelle Ver\u00f6ffentlichungen sind ebenfalls in der Rubrik <a href=\".\/publikationen\/\">Publikationen<\/a> aufgelistet.<br \/>\n<\/br><br \/>\n<img loading=\"lazy\" decoding=\"async\" class=\"size-full wp-image-155\" alt=\"Seminar1\" src=\"http:\/\/agu.ch\/1.0\/wp-content\/uploads\/2014\/03\/Seminar_4_small.jpg\" width=\"225\" height=\"170\" \/> <img loading=\"lazy\" decoding=\"async\" class=\"size-full wp-image-156\" alt=\"Seminar2\" src=\"http:\/\/agu.ch\/1.0\/wp-content\/uploads\/2014\/01\/Seminar_3_small.jpg\" width=\"225\" height=\"170\" \/> <img loading=\"lazy\" decoding=\"async\" class=\"size-full wp-image-157\" alt=\"Seminar3\" src=\"http:\/\/agu.ch\/1.0\/wp-content\/uploads\/2014\/01\/Seminar_2_small.jpg\" width=\"225\" height=\"170\" \/><\/p>\n<p><strong>Ansprechpartner:<\/strong> <a href=\".\/kontakt\/#ansprechpartner\">PD Dr. K.-U. Schmitt<\/a><\/p>","protected":false},"excerpt":{"rendered":"<p>Wir m\u00f6chten unser Wissen teilen und bieten verschiedene Aus- und Weiterbildungsm\u00f6glichkeiten f\u00fcr Einsteiger und\/ oder Fortgeschrittene an. Ein auf Ihre Anforderungen zugeschnittenes Seminar eignet sich besonders f\u00fcr kompakte Vermittlung von Fachkenntnissen \u2013 beispielsweise im Rahmen Ihrer firmeninternen Fortbildung. AGU Seminar&#8230;<\/p>\n","protected":false},"author":1,"featured_media":0,"parent":0,"menu_order":0,"comment_status":"closed","ping_status":"closed","template":"","meta":{"footnotes":""},"class_list":["post-26","page","type-page","status-publish","hentry"],"_links":{"self":[{"href":"https:\/\/www.agu.ch\/1.0\/wp-json\/wp\/v2\/pages\/26","targetHints":{"allow":["GET"]}}],"collection":[{"href":"https:\/\/www.agu.ch\/1.0\/wp-json\/wp\/v2\/pages"}],"about":[{"href":"https:\/\/www.agu.ch\/1.0\/wp-json\/wp\/v2\/types\/page"}],"author":[{"embeddable":true,"href":"https:\/\/www.agu.ch\/1.0\/wp-json\/wp\/v2\/users\/1"}],"replies":[{"embeddable":true,"href":"https:\/\/www.agu.ch\/1.0\/wp-json\/wp\/v2\/comments?post=26"}],"version-history":[{"count":8,"href":"https:\/\/www.agu.ch\/1.0\/wp-json\/wp\/v2\/pages\/26\/revisions"}],"predecessor-version":[{"id":2000,"href":"https:\/\/www.agu.ch\/1.0\/wp-json\/wp\/v2\/pages\/26\/revisions\/2000"}],"wp:attachment":[{"href":"https:\/\/www.agu.ch\/1.0\/wp-json\/wp\/v2\/media?parent=26"}],"curies":[{"name":"wp","href":"https:\/\/api.w.org\/{rel}","templated":true}]}}

<p>Wir möchten unser Wissen teilen und bieten verschiedene Aus- und Weiterbildungsmöglichkeiten für Einsteiger und/ oder Fortgeschrittene an. Ein auf Ihre Anforderungen zugeschnittenes Seminar eignet sich besonders für kompakte Vermittlung von Fachkenntnissen – beispielsweise im Rahmen Ihrer firmeninternen Fortbildung.</p>
<h2>AGU Seminar</h2>
<p>Wir veranstalten einmal jährlich ein eigenes <a href="../category/veranstaltungen/">Seminar</a> mit ausgewählten Vorträgen firmeninterner und externer Referenten. Aktuelle Themen werden aus versicherungstechnischer und juristischer Sicht beleuchtet. Informationen zum nächste Seminar finden Sie unter <strong><a href="https://www.agu.ch/1.0/aktuelles/">Aktuelles</a>.</strong> Informationen zu vergangenen Seminaren finden Sie in der Rubrik <a href="./publikationen#Seminar">Publikationen</a>.</p>
<h2>Vorträge</h2>
<p>Wir beteiligen uns regelmässig mit eigenen wissenschaftlichen Vorträgen auf Kongressen, Symposien und anderen Informations- und Fortbildungsveranstaltungen. Aktuelle Veröffentlichungen sind ebenfalls in der Rubrik <a href="./publikationen/">Publikationen</a> aufgelistet.<br />
</br><br />
<img loading="lazy" decoding="async" class="size-full wp-image-155" alt="Seminar1" src="http://agu.ch/1.0/wp-content/uploads/2014/03/Seminar_4_small.jpg" width="225" height="170" /> <img loading="lazy" decoding="async" class="size-full wp-image-156" alt="Seminar2" src="http://agu.ch/1.0/wp-content/uploads/2014/01/Seminar_3_small.jpg" width="225" height="170" /> <img loading="lazy" decoding="async" class="size-full wp-image-157" alt="Seminar3" src="http://agu.ch/1.0/wp-content/uploads/2014/01/Seminar_2_small.jpg" width="225" height="170" /></p>
<p><strong>Ansprechpartner:</strong> <a href="./kontakt/#ansprechpartner">PD Dr. K.-U. Schmitt</a></p>

<p>Wir möchten unser Wissen teilen und bieten verschiedene Aus- und Weiterbildungsmöglichkeiten für Einsteiger und/ oder Fortgeschrittene an. Ein auf Ihre Anforderungen zugeschnittenes Seminar eignet sich besonders für kompakte Vermittlung von Fachkenntnissen – beispielsweise im Rahmen Ihrer firmeninternen Fortbildung. AGU Seminar&#8230;</p>
